tive of d**6/360 + 7*d**5/120 + 3*d**4/8 - 23*d**3/6 + 27*d. Let i(h) be the second derivative of k(h). Calculate i(-6).
3
Suppose 0 = -2*p, 0 = c - 6*c + 3*p. Suppose 3*w - 11*o = -16*o + 14, -3*w + 5*o + 4 = 0. Let q(j) = 5*j + w - 2 + 0*j - 4*j - j**2. Give q(c).
1
Let v(a) = -5*a**3 + 8*a**2 + 5. Let s(x) = x**3 + x - 1. Let f(d) = 6*s(d) + v(d). Let g be (159 + -160)/((-1)/(-7)). Determine f(g).
6
Suppose -2*b + 4*b = -20. Let w = -16 - b. Let f(k) = 3 + 5*k**2 - 35*k - 38*k + 69*k + k**3. Determine f(w).
-9
Suppose -3*s = 8 + 10. Let x(c) = -7*c**2 + c**2 - 338 + 343 + c - c**3. What is x(s)?
-1
Let j = -2291 + 2290. Let w(s) = 0*s + s + s**3 + s**3 + 1. What is w(j)?
-2
Let a(o) = -o**2 - 6*o + 4. Suppose -3*f - 2*i + 3 = 75, -f - 24 = i. Let c be f/(-30) - 29/5. Determine a(c).
9
Let v(h) be the first derivative of -h**3/3 - 13*h**2/2 - 8*h - 183. Calculate v(-6).
34
Suppose 0 = 2*x + 5 + 9. Let q(r) be the first derivative of -3*r**2/2 - 5*r - 453. Calculate q(x).
16
Let l(g) = -16*g - 21. Let r be l(-1). Let h(v) be the second derivative of v**3/6 + 2*v. What is h(r)?
-5
Let j(n) = -n**2 - 5*n + 2. Let b = -265 + 259. Determine j(b).
-4
Let k be ((-3)/2)/(75/(-100)). Let h be -10*(2 + 24/(-10)). Let z(l) = l + 2*l + k - h*l. Give z(2).
0
Let h(n) = -147*n**3 + 146*n**3 - 13*n**2 + 7 + 3*n + 8*n**2. Suppose 3*t - 60 = 8*t. Let p = t + 7. What is h(p)?
-8
Let r(l) = -5*l**3 - 17*l**2 - 4*l + 1. Let y(d) = -2*d**3 - 6*d**2 - d. Let n be 1 + 3/3*7. Let a(o) = n*y(o) - 3*r(o). What is a(3)?
9
Let w(m) = 2*m**2 - 6*m - 1 - 4*m**3 - 2*m**3 + 12*m + 5*m**3. Calculate w(4).
-9
Let a = 478 + -479. Let n(x) = -37*x**2 + 9*x. Let w(c) = 18*c**2 - 4*c. Let g(v) = 3*n(v) + 7*w(v). Determine g(a).
16
Let f(t) = -2*t**2 - 10*t - 8. Let p be (-2 - 2)/(10/15). Give f(p).
-20
Let a(p) = p**2 - 5*p + 5. Let j(d) = -d**3 + 13*d**2 + 2*d - 14. Let b be j(13). Suppose 2*n - 5*t + 2 = 0, n = -5*t + t + b. Give a(n).
1
Let a(q) = 2*q**3 + q**2 - 4*q - 3. Let s(t) = -3*t**3 - t**2 + 5*t + 4. Let i(u) = 4*a(u) + 3*s(u). What is i(3)?
-21
Let t(w) = w**3 - 5*w**2 - 7*w + 1. Let i = 13 - -11. Let c = i - 18. Determine t(c).
-5
Suppose -14*t + 3 = -39. Let c(b) = b**3 - 2*b**2 - 5*b + 7. What is c(t)?
1
Let f(d) = -8*d**3 + d**2 - 1. Suppose 22 = -5*p + 7, 15 = 3*y - 4*p. Determine f(y).
-8
Let z(a) = -a + 10. Let c be ((61 + 4)/(-5))/(-1) + 5. Give z(c).
-8
Let n(a) = -5*a**2 + 3. Let m(d) = 16*d**2 - 10. Suppose r = -4*t - r + 4, -r - 10 = -4*t. Let s be 8/6 - t/(-3). Let f(l) = s*m(l) + 7*n(l). Calculate f(-1).
-2
Let j(g) = g**2 - 11*g + 2. Let t be (-14 - (-8 + -14))*6/4. What is j(t)?
14
Let l(j) be the first derivative of j**4/4 + 8*j**3/3 + 9*j**2/2 - 14*j - 461. What is l(-6)?
4
Let u(w) be the second derivative of w**5/10 - w**3/3 + 24*w. Calculate u(-2).
-12
Let c(q) = q**3 + q**2 - 7*q - 2. Let j(d) = -4*d**3 - 3*d**2 + 26*d + 7. Let n(u) = -9*c(u) - 2*j(u). Determine n(-5).
-1
Let s be -2*3/(-36) + ((-294)/36 - -2). Let u(l) be the third derivative of l**6/120 + l**5/10 + 5*l**3/6 + l**2. What is u(s)?
5
Let z(i) = -3*i**2 + i - 2. Suppose 4*g = 2*p + 12, -3*g + 2 = 5*p - 20. Determine z(p).
-12
Let t(s) = 2*s**3 - 8*s - 8. Let q be t(-1). Let m(g) = -2*g - 1. Calculate m(q).
3
Suppose 0 = c - 0*c. Let v(l) = -12*l - 23. Let j(p) = -7*p - 11. Let r(b) = -7*j(b) + 4*v(b). What is r(c)?
-15
Suppose 282*b - 8 = 278*b. Let s(c) = -3*c + 3. Give s(b).
-3
Let n be 18*(3 - 30/9). Let b(s) = 2*s + 3. What is b(n)?
-9
Let z(v) = -1119*v + 2214*v - 1130*v. Give z(-1).
35
Let o(w) = 19*w**3 - 6*w**2 - 19. Let g(y) = -35*y**3 + 11*y**2 + 37. Let k(j) = 6*g(j) + 11*o(j). Determine k(0).
13
Let l(b) = -b**3 - 2*b + 2. Let r(a) = -a**2 - 1. Let w(p) = l(p) + 4*r(p). Calculate w(-4).
6
Let g(q) be the second derivative of -1/3*q**3 + 1/12*q**4 + 0 - q**2 - 8*q. Let n(b) be the first derivative of g(b). Determine n(2).
2
Let d(b) be the third derivative of -1/2*b**3 - 6*b**2 - 1/60*b**5 + 1/12*b**4 + 0 + 0*b + 1/120*b**6. Give d(2).
5
Let h(b) = -100*b + b**3 + 207*b - 7*b**2 - 100*b. Let u be 4/16 + 23/4. Let s be h(u). Let a(t) = -t**2 + 7*t - 7. Calculate a(s).
-1
Let v(k) = 3*k**2 + 22*k - 23. Let q(s) = -s**2 - 7*s + 8. Let z(x) = -17*q(x) - 6*v(x). Give z(-9).
38
Let c(q) be the second derivative of q**5/20 + q**4/6 + q**3/3 - q**2/2 + 137*q. Determine c(-2).
-5
Suppose q + 10 = -q. Let h(r) = -r**3 - 5*r**2 + 2*r + 4. Let k be h(q). Let b(g) = -g + 4. Let w(u) = -4*u + 17. Let o(y) = -9*b(y) + 2*w(y). What is o(k)?
-8
Let o(k) = 2*k**2 - k + 1. Let h be ((-56)/12)/(((-2)/27)/(-2)). Let p = -129 - h. Give o(p).
22
Let h = 25 - 10. Let s = h + -13. Suppose -s*k = k - 9. Let w(p) = -p. Give w(k).
-3
Let a(g) = -2*g**2 - 14*g - 1. Suppose -4*t - 1 = -i + 20, -2*t - i = 15. What is a(t)?
11
Let i be 1/(1 + 8/(-10)). Suppose 0 = -s - 3*n - 6, 5*n = 5*s - 23 - 7. Let x(g) = -i*g + s*g - g - 3. Determine x(-2).
3
Let j(r) = r - 11. Let u = -173 + 178. What is j(u)?
-6
Let n(h) = -3*h + 27. Suppose 36*f = 210 - 30. Give n(f).
12
Let g = 2 - 1. Suppose 5*n + 32 = m - 2, -2*n = -4*m + 46. Let c(x) = -3*x - g - m*x**3 + x + 2. Determine c(1).
-10
Suppose -82 = -18*n - 10. Let i(u) = -1 + u - 1 - 2*u. What is i(n)?
-6
Let r = 8 + -3. Let n be (r + -4)/(1 + 0). Let y(k) = -4*k + 4*k - n + 0 - k. What is y(-7)?
6
Let p = -421 + 418. Let f(x) = x**3 + 4*x**2 + x + 4. Determine f(p).
10
Suppose 4*y + 0 = 4*z + 4, y - 2*z = 0. Let f be ((-10)/(-2) - 2)*y. Let g(j) = j - 13. What is g(f)?
-7
Let j = -4 + 8. Let c(l) be the second derivative of -1/6*l**3 + 0*l**2 - 1/3*l**4 - 11*l + 1/20*l**5 + 0. Calculate c(j).
-4
Let f(q) be the first derivative of -q**2/2 - 21*q - 97. What is f(-11)?
-10
Let j(g) = -g**3 - 3*g**2 + 2*g - 2. Let a = 61 + -43. Let o(h) = h**2 - 21*h + 50. Let w be o(a). Calculate j(w).
6
Let y = -167 - -167. Let a(l) = 2*l**2 - 4 - l**3 + l - 2*l**2. Determine a(y).
-4
Suppose -30*f - 39 + 99 = 0. Let l(p) = -10*p + 1. Give l(f).
-19
Let d(x) = x**2 + 5*x + 9. Let z be 0 - (31 - 29)*2*1. Give d(z).
5
Let f(p) = 7*p - 6. Let d(a) = -27*a - 732. Let t be d(-27). Calculate f(t).
-27
Let l(w) = w**3 - 4*w**2 - 5*w - 5. Let j be -6*25/60*-2. Calculate l(j).
-5
Let y(z) = z**2 + 5*z - 17. Let g(v) = -v**3 - 25*v**2 + 57*v + 74. Let d be g(-27). What is y(d)?
-3
Let d(p) = -11 + 5 - p - 3*p + 8*p. What is d(-5)?
-26
Let z be 1/((-14)/28)*3/2. Let r(t) = 3*t - 4. Give r(z).
-13
Let g(v) = -v - 17. Suppose 0 = -68*z + 71*z - 9. Give g(z).
-20
Suppose -4*h = d + 75, 2*d - 27 = 5*h + 70. Let t = h - -25. Let l(m) = 3*m**2 - 9*m - 4. Let j(f) = f**2 - f. Let y(c) = -2*j(c) + l(c). What is y(t)?
-10
Let g(b) = b**2 - b + 1. Let i(z) = -z**2. Let n(d) = g(d) + 6*i(d). Calculate n(2).
-21
Let k(n) = -5*n + 6. Let b(i) = -9*i + 11. Let s(u) = -6*b(u) + 11*k(u). Let r(q) = q**3 + 3*q**2 - q - 2. Let w(o) = r(o) + 3*s(o). What is w(-4)?
-2
Let d(t) = 134*t + 8*t**2 - 252*t - 7*t**2 + 4 + 125*t. Suppose -q = 2, -5*o - 2*q + 3*q - 23 = 0. Determine d(o).
-6
Let h(b) = 5557*b - 3*b**2 - 5549*b + 10 + 4*b**2. Determine h(-7).
3
Let g(h) = h**2 - 2*h + 4. Let r(x) = 2*x**2 + x - 1. Let n be r(1). Suppose -n*p + p - 8 = 0. Let a(t) = -t - 5. Let b be a(p). Determine g(b).
7
Suppose 3*w = -0*w - 3*m + 3, -2*m - 1 = w. Suppose 4*r - 8 = -5*u + 11, -w*u - 2*r + 11 = 0. Let j(v) = -19*v - 4 + 13*v + 10*v. Determine j(u).
8
Let j(i) = 2*i. Suppose 0 = 14*k - 11*k - 57. Suppose 12*x = k*x + 14. Give j(x).
-4
Let x(w) = -w**3 + 21*w**2 + 4*w - 50. Let u be x(21). Let o = u - 29. Let v(z) = -z**2 + 8*z - 3. Give v(o).
12
Let z(h) = 2*h + 20. Let b be z(-9). Let y(c) = -c**2 + c**2 + 0*c**b + 4*c + 1 + 3*c**2. Suppose 7*s + 15 = 2*s. Determine y(s).
16
Let o = -46 + 27. Let y = o + 28. Let u = -14 + y. Let t(b) = b. What is t(u)?
-5
Suppose -9 = 2*x - 1, 3*x + 4 = -4*m. Let v(u) = -2*u - 3*u**3 + 147*u**m - 141*u**2 + 4 + 2*u**3. What is v(6)?
-8
Let g(r) = r + 9. Suppose -2*o - 3*o - 3*h + 27 = 0, -3*o + 5*h = -23. Suppose -3*u + 4*u = -o. Calculate g(u).
3
Let d be (-8)/((-8)/(36/(-9))). Let h(x) = -2*x - 14. Give h(d).
-6
Let s(r) = 2 + r + 11 + 0*r. Suppose -15*h + 42 - 192 = 0. Calculate s(h).
3
Let b(m) = -7*m - 4. Let y(p) = 20*p + 24. Let n(t) = -4*t - 5. Let f(u) = 14*n(u) + 3*y(